inder when 30 is divided by p.
2
Let n be -1 + 44 + (-1)/(-1). Let w be 1687/14 + 3*3/18. Let v = n + w. Calculate the remainder when v is divided by 42.
39
Suppose 8 = -2*h, -32 = -8*r + 4*r + 4*h. Suppose -r*n + 13 = 5. Suppose 4*g + 12 = 0, 14*s + 2*g = 16*s - 10. What is the remainder when n is divided by s?
0
Suppose 0 = g - 7 - 24. Let d = 7 + -4. Suppose 0 = -d*s + 4*s - 8. Calculate the remainder when g is divided by s.
7
Let x(a) = a**3 + 20*a**2 + 17*a - 28. Let y be x(-19). Suppose y*k + 92 = 12*k. Calculate the remainder when k is divided by 24.
22
Suppose 8*q + 402 - 578 = 0. Suppose 66 + 86 = m. Calculate the remainder when m is divided by q.
20
Suppose n = -4*n + 140. Suppose -3*w = -11 - 40. Let f = 27 - w. What is the remainder when n is divided by f?
8
Calculate the remainder when 78 is divided by 9 + (-27 + 6)/(-3).
14
Let l be 7/((-105)/18)*(-105)/2. Let k = 31 + l. Calculate the remainder when k is divided by 24.
22
Suppose -5*k - 45 = 5. Let x(y) = -12*y - 16. Calculate the remainder when x(k) is divided by 36.
32
Let b = 179 - 171. Let m(w) = -14*w - 1. Calculate the remainder when m(-4) is divided by b.
7
Let d = 256 - 154. What is the remainder when d is divided by 26?
24
Suppose -7*h = -21*h + 5628. What is the remainder when h is divided by 31?
30
Calculate the remainder when 486/(-3)*(-2)/3 is divided by 19.
13
Let p be 92/18 - (-2)/(-18). Suppose p*z = 5*r - 175, 4*r - 184 = 3*z - 44. What is the remainder when r is divided by 15*(0 + 6/10)?
8
Calculate the remainder when 357 is divided by (0 - 1/6) + 313/6.
45
Let a(u) = 61*u + 36. What is the remainder when a(2) is divided by 35?
18
Suppose -5*m + 8*m = 189. Let z = -342 - -355. What is the remainder when m is divided by z?
11
Let b(t) = 8*t**2 + 6*t - 2. Suppose u + 54 = 3*u. What is the remainder when u is divided by b(-2)?
9
Let t(w) = -w**3 + 18*w**2 - 72*w + 13. What is the remainder when t(11) is divided by 19?
11
Suppose -6*v + 5*v = -h + 50, 218 = 5*h + 3*v. Let c = -29 + h. What is the remainder when 84 is divided by c?
16
Suppose -483 = -3*s + 3*a, 0*s - 4*s + 3*a = -639. Suppose -2*t - s = -4*t. Let j = -48 + t. What is the remainder when 58 is divided by j?
28
Let h be (-1)/(-2)*(191 + 15). Let x = h + -53. Suppose -4*l - z = -52, 0 = -3*l - 5*z + 34 + 5. Calculate the remainder when x is divided by l.
11
Suppose -3*u + 61 = -12*r + 14*r, -3*u + 5*r = -26. Let c = 90 + -23. Suppose -p + 2*p - c = 0. What is the remainder when p is divided by u?
16
Let j(f) = -f**2 - 6*f - 5. Let d be j(-3). Suppose q = 4*z + 4*q - 39, -4*q + 26 = z. What is the remainder when z is divided by -2*20/(-15)*6/d?
2
Let u(l) = l**2 + 17. What is the remainder when 84/1 + 5/(-5) is divided by u(0)?
15
Let y be ((-16)/(-20))/(2/75). Suppose l - j = -2*l + 10, -2*j = 4*l - y. Calculate the remainder when ((-38)/(-8))/((-1)/(-4)) is divided by l.
4
Suppose -2*g = 2*g + 24. Let h(t) = 6*t + 8. What is the remainder when h(6) is divided by (g - -24)*(-3)/(27/(-6))?
8
Let i(b) = -b**2 + 7*b + 52. Let w = -1 + 7. Suppose w*a - 2*a = 0, -3*a = -5*t + 320. Calculate the remainder when t is divided by i(10).
20
Suppose 0 = 5*p - 3*p + 3*o - 3, -24 = -5*p - 2*o. Let h(y) = -y**3 + 6*y**2 + 3*y - 1. Calculate the remainder when 67 is divided by h(p).
16
Suppose -v + 1 = -3. Suppose 11 + 5 = v*l. Calculate the remainder when (35/(-14))/((-2)/((-24)/(-5))) is divided by l.
2
Let a be ((-4)/(-4))/(2 + 466/(-232)). Let p = a - -151. Calculate the remainder when 69 is divided by p.
34
Let m = 326 + -297. What is the remainder when 70 is divided by m?
12
Let n = -212 + 354. Suppose y + 5*l = -3*y + 618, -y = -5*l - n. Let v = y - 82. What is the remainder when v is divided by 18?
16
Suppose 281 = 5*k + 4*o, k + 171 = 4*k + 3*o. Suppose 4*d - 494 = -5*x, 2*x = -2*d - 0*d + 196. What is the remainder when x is divided by k?
49
Let n = 35 + 64. Let f = -8 + 12. Suppose 5*r = 5*v - 145, 2*v - 3*v = -f*r - 14. Calculate the remainder when n is divided by v.
31
Let v = 68 + -35. Suppose a = v + 2. Calculate the remainder when a is divided by 9.
8
Suppose 0 = -g + 48 + 31. What is the remainder when g is divided by 14?
9
Let y = 5 + -1. Let a be (-21)/(-14)*(-6)/(-9)*-8. What is the remainder when (-2)/a + 249*(-9)/(-108) is divided by y?
1
Suppose x + 62 - 67 = 0. Suppose 180 = x*u - o, o - 54 - 62 = -3*u. Suppose -w + 2*w = -i + 16, 2 = -w + 5*i. What is the remainder when u is divided by w?
11
Let i = 144 - 85. Let z be (-87)/(-4)*64/24. Suppose w + 4*m - z = -w, 5*m + 36 = w. What is the remainder when i is divided by w?
28
Let z(n) = 19*n**2 - 3*n - 30. What is the remainder when z(-4) is divided by 44?
22
Let w = 15 - 23. Let q = 10 + w. Suppose -b + 2*b - 3 = -5*y, -q*y = 6. Calculate the remainder when b is divided by 10.
8
Let q be 0 + (-7)/(28/(-24)). Calculate the remainder when 76 is divided by (-118)/(-9) + q/(-54).
11
Suppose -476 = 19*v - 1426. What is the remainder when v is divided by 11?
6
Let k(t) = -5 + 2*t + 1 + 1 - 7. Let x be k(0). Calculate the remainder when 13 is divided by x*(-3)/12*2.
3
Let j be 52 + -2 + -1 + 3. Suppose -3*x + 7 = 3*r - 2*r, -4*x = 4*r - j. Calculate the remainder when (66/(-11) + 8)*(-30)/(-2) is divided by r.
14
Suppose -9 = 2*g - 15. Suppose -3*x + 2*c + 22 = -x, 4*c - 5 = -g*x. What is the remainder when x is divided by 4?
3
Let x(r) = 6*r - 1. Let k(j) = -j. Let c(i) = 8*i - 2. Let a(q) = c(q) - 4*k(q). Let v(h) = 2*a(h) - 5*x(h). What is the remainder when 51 is divided by v(-2)?
12
Calculate the remainder when (-6)/(-8) + 0 + (-625)/(-20) is divided by 11.
10
Suppose 341 = 6*d + 17. Let i(s) = s**3 + 9*s**2 - 11*s + 9. What is the remainder when d is divided by i(-10)?
16
Let p = 53 - 31. What is the remainder when 170*((-6)/(-12) - 0) is divided by p?
19
Suppose 6*r - 2*r + 2*g = 284, -g + 214 = 3*r. Suppose -r = -8*h - 0. Suppose 2*s - 43 = 5. Calculate the remainder when s is divided by h.
6
Let g(v) = v**2 - 3*v - 7. Let p be 1 + (-131)/(-1) - 0. Calculate the remainder when 2/(-3) + p/36 is divided by g(5).
0
Let f = 158 - 134. Suppose -7*q = -3*q - 184. What is the remainder when q is divided by f?
22
Suppose -4*w = -5*r - 1369, 0 = -r - 35 + 38. What is the remainder when w is divided by 12?
10
Calculate the remainder when 55 is divided by 1 - 88/(-4) - -5.
27
Let t = 78 - 73. Suppose 60 = z + 5*y, -61 = t*z - 3*y - 277. What is the remainder when z is divided by 13?
6
Suppose -106 = -11*m + 136. Calculate the remainder when 217 is divided by m.
19
Let a be 7 + (2/(-1))/2. Suppose 4*p = a*p - 24. Let n(v) = -v + 3. What is the remainder when p is divided by n(-4)?
5
Let n(q) = -2*q - 2. Let h be ((-27)/12)/(-9) - (-390)/8. Let a = h + -44. Calculate the remainder when a is divided by n(-3).
1
Let n = -315 + 328. What is the remainder when 67 is divided by n?
2
Suppose 0 = 6*s - 3*s - 9. What is the remainder when 62 is divided by 98/s - (-3)/(12 - 3)?
29
Let h(t) be the first derivative of 1/2*t**2 + 1/3*t**3 - 5 + 7*t. What is the remainder when h(8) is divided by 20?
19
Suppose 0 = -2*y - r + 289, 5 = -r - 0*r. Suppose 7*h + 3*j = 4*h + y, -h - 3*j = -39. What is the remainder when h is divided by 28?
26
Suppose 5*q + y - 179 = 2*q, -q + 2*y + 69 = 0. What is the remainder when q is divided by 13?
9
Let o be 2/3 + (-36)/(-27). Suppose -5*h + 7*p = 2*p - 60, -o*h + 24 = 2*p. Suppose 0 = 2*m + h - 42. What is the remainder when m is divided by 3?
0
Suppose 136 = 4*z - 144. What is the remainder when z is divided by 20?
10
Suppose 180 = z + q, 20*z - 16*z = 3*q + 713. Calculate the remainder when z is divided by 15.
14
Suppose -3*s = -3*k + 36, 2*k + 2*s - 11 = -3. Calculate the remainder when 18 is divided by k.
2
Let k(z) = 20*z**2 - 50*z + 98. What is the remainder when k(2) is divided by (1 - 10)*1*-1?
6
Let y(j) = j**2 - 5. Calculate the remainder when 147 is divided by y(5).
7
Let h(t) = -t**3 + 5*t**2 - 3*t + 5. Calculate the remainder when h(4) is divided by ((-12)/(-21))/(((-32)/(-28))/8).
1
Suppose 5*b = -2*m + 262 - 94, -m = -2*b + 69. What is the remainder when 97 is divided by b?
29
Suppose 24 = m - 1. Calculate the remainder when 52/20 + -2 + 1461/15 is divided by m.
23
Let b = 136 - -14. Suppose 4*f - f - 2*p = 141, 0 = -